d 924188850.
7650
What is the greatest common factor of 24840 and 1177600?
920
Calculate the greatest common factor of 11859 and 2616591.
177
What is the greatest common factor of 96 and 441341408?
32
What is the greatest common divisor of 111 and 21908625?
111
What is the greatest common divisor of 5704691 and 9082?
239
Calculate the greatest common divisor of 913862 and 3838.
38
Calculate the greatest common divisor of 210 and 32620070.
70
Calculate the greatest common factor of 1593010 and 3856.
482
What is the greatest common factor of 1646280 and 37944?
1224
Calculate the highest common divisor of 1583 and 71.
1
Calculate the highest common factor of 40406 and 90800.
454
Calculate the highest common divisor of 118898895 and 15.
15
Calculate the greatest common factor of 5799735 and 4.
1
What is the greatest common divisor of 2410 and 314172902?
482
What is the highest common divisor of 33804259 and 409?
409
Calculate the highest common factor of 44 and 49541371.
11
What is the greatest common divisor of 91822 and 1057434?
2962
Calculate the highest common divisor of 159 and 18649163.
53
What is the greatest common divisor of 1745 and 132953295?
1745
Calculate the greatest common factor of 1084 and 1297277.
271
Calculate the highest common factor of 29232 and 48173328.
1008
Calculate the greatest common factor of 142025 and 1690.
65
What is the highest common factor of 2198 and 95192083?
1099
What is the greatest common divisor of 40878285 and 21?
21
Calculate the greatest common divisor of 37378 and 127138.
22
What is the greatest common factor of 1378784 and 93632?
352
What is the highest common factor of 1135560 and 1956?
12
What is the greatest common divisor of 2344713 and 9?
3
What is the highest common factor of 11250 and 3302445?
15
What is the greatest common divisor of 7526962 and 1264?
158
Calculate the greatest common factor of 4 and 578815388.
4
What is the greatest common factor of 1334222 and 421562?
4346
What is the highest common factor of 609327 and 85873?
79
Calculate the highest common divisor of 10840856 and 169.
13
Calculate the greatest common factor of 6224886 and 102762.
3114
What is the highest common factor of 349052937 and 7461?
2487
What is the greatest common factor of 772 and 1330030164?
772
Calculate the highest common divisor of 41700 and 251451.
417
Calculate the greatest common divisor of 80948842 and 1066.
1066
Calculate the greatest common divisor of 8922215 and 5517.
613
Calculate the highest common factor of 657126289 and 5201.
743
Calculate the highest common divisor of 20045 and 309115.
1055
What is the greatest common divisor of 2520 and 280572390?
630
Calculate the highest common divisor of 88881 and 385710.
1677
What is the highest common factor of 3004678 and 8406?
934
What is the highest common divisor of 21619 and 3374227?
1663
What is the highest common divisor of 6458715 and 25?
5
What is the highest common divisor of 1224 and 58578192?
1224
What is the highest common factor of 41610 and 27126946?
2774
What is the highest common divisor of 1667361044 and 11692?
11692
Calculate the greatest common divisor of 3825 and 2413524.
51
What is the greatest common divisor of 4990060 and 2040?
20
Calculate the highest common factor of 323598 and 37542.
6
What is the greatest common divisor of 251 and 3722581?
251
Calculate the highest common divisor of 516 and 213087102.
258
What is the highest common divisor of 10985439 and 837?
93
What is the highest common factor of 476766 and 250918?
218
Calculate the greatest common factor of 115559820 and 4607.
271
What is the highest common factor of 6831 and 864729?
27
Calculate the highest common divisor of 346544 and 1817208.
1432
Calculate the highest common divisor of 552 and 47069247.
69
What is the greatest common divisor of 258700 and 2991820?
260
What is the greatest common factor of 42690 and 12165?
15
What is the highest common factor of 685154451 and 153?
51
What is the highest common factor of 19056627 and 10422?
5211
Calculate the greatest common divisor of 158 and 144001042.
158
Calculate the highest common divisor of 9243650 and 234.
26
What is the greatest common divisor of 501336 and 803?
11
Calculate the highest common factor of 5775360 and 200220.
2820
Calculate the greatest common factor of 1311808 and 11144.
1592
What is the highest common divisor of 60 and 52586124?
12
What is the highest common divisor of 44141 and 439523?
37
What is the highest common factor of 93958 and 2834?
218
What is the highest common divisor of 2490042 and 21894?
534
Calculate the highest common divisor of 5 and 2863519.
1
What is the greatest common factor of 8 and 22949110?
2
Calculate the highest common divisor of 53099449 and 2477.
2477
What is the greatest common divisor of 5982 and 2274?
6
Calculate the highest common divisor of 65959647 and 39.
39
What is the greatest common factor of 70955 and 6095?
115
What is the greatest common divisor of 375401 and 22579?
67
What is the highest common factor of 256 and 15852352?
64
Calculate the highest common divisor of 1088697 and 153.
51
What is the greatest common factor of 347 and 9719817?
347
What is the greatest common factor of 4500 and 3638700?
900
What is the greatest common divisor of 774370 and 3124910?
2110
Calculate the highest common divisor of 2464579 and 988.
13
Calculate the greatest common divisor of 61 and 11418346.
61
What is the greatest common divisor of 9126 and 8983026?
3042
What is the highest common factor of 1423828 and 9973544?
6748
Calculate the greatest common divisor of 1672 and 65268648.
152
What is the greatest common factor of 54470 and 4472?
26
Calculate the highest common divisor of 167795450 and 25.
25
What is the highest common factor of 261782004 and 44?
44
Calculate the greatest common factor of 353394 and 2784.
174
What is the greatest common factor of 8547 and 22273713?
231
What is the highest common factor of 406856 and 20136?
8
Calculate the highest common factor of 9078 and 5250824.
34
What is the greatest common divisor of 47054 and 10906?
14
What is the greatest common divisor of 3352 and 1171105?
419
Calculate the greatest common divisor of 47876526 and 47814.
3678
What is the greatest common factor of 1088440400 and 13236?
4412
What is the greatest common divisor of 16170385 and 110110?
385
What is the greatest common divisor of 16201357 and 43282?
323
Calculate the greatest common factor of 44973541 and 3361.
3361
What is the highest common factor of 403880 and 2750?
10
What is the greatest common factor of 3081 and 10595?
13
What is the greatest common factor of 310143540 and 210?
210
What is the highest common factor of 116250 and 384000?
750
Calculate the greatest common factor of 2502586 and 438.
146
Calculate the greatest common divisor of 8520 and 30821384.
568
Calculate the greatest common divisor of 424200 and 1197.
21
Calculate the highest common factor of 4623 and 637698.
69
Calculate the greatest common factor of 208 and 92018192.
16
Calculate the greatest common factor of 200 and 715012.
4
Calculate the highest common divisor of 3081 and 37771006.
1027
What is the highest common divisor of 15 and 2530355?
5
What is the highest common factor of 32941760 and 5?
5
What is the greatest common divisor of 984 and 57712912?
328
Calculate the greatest common divisor of 901 and 549557.
53
What is the highest common factor of 6240 and 24000960?
480
Calculate the highest common factor of 312348 and 216.
12
What is the greatest common factor of 516 and 8743964?
172
Calculate the greatest common divisor of 84 and 43805244.
84
Calculate the highest common factor of 2908 and 213256726.
1454
Calculate the highest common divisor of 8789 and 257654.
47
What is the highest common divisor of 54 and 16558362?
18
Calculate the highest common factor of 17085 and 90865.
85
Calculate the highest common factor of 3081 and 53814.
3
Calculate the greatest common factor of 35180937 and 22.
11
Calculate the highest common divisor of 39840 and 12029190.
2490
What is the highest common factor of 15120 and 2731320?
1080
What is the greatest common divisor of 1017028792 and 15756?
5252
Calculate the highest common divisor of 28 and 555821546.
14
What is the highest common factor of 31